2, 13, 450817
List the prime factors of 207693.
3, 47, 491
List the prime factors of 8492926.
2, 13, 25127
What are the prime factors of 1182088?
2, 147761
List the prime factors of 150973.
43, 3511
List the prime factors of 18468285.
3, 5, 11, 19, 43, 137
What are the prime factors of 3789595?
5, 23, 31, 1063
List the prime factors of 482685.
3, 5, 7, 4597
What are the prime factors of 10611289?
13, 53, 15401
List the prime factors of 6452752.
2, 43, 83, 113
List the prime factors of 5966634.
2, 3, 29, 53, 647
List the prime factors of 23647626.
2, 3, 61, 2393
What are the prime factors of 440288?
2, 13759
What are the prime factors of 361810?
2, 5, 97, 373
What are the prime factors of 934025?
5, 37361
List the prime factors of 689186.
2, 509, 677
List the prime factors of 12823501.
1483, 8647
What are the prime factors of 2449943?
61, 40163
What are the prime factors of 19792282?
2, 23, 430267
List the prime factors of 2400173.
127, 18899
What are the prime factors of 36572286?
2, 3, 6095381
List the prime factors of 10237176.
2, 3, 142183
List the prime factors of 10616902.
2, 5308451
What are the prime factors of 225371?
225371
List the prime factors of 2364320.
2, 5, 7, 2111
What are the prime factors of 159026?
2, 7, 37, 307
What are the prime factors of 2374896?
2, 3, 49477
What are the prime factors of 3770255?
5, 193, 3907
What are the prime factors of 256025?
5, 7, 11, 19
List the prime factors of 88655.
5, 7, 17, 149
List the prime factors of 292724.
2, 73181
List the prime factors of 4708383.
3, 823, 1907
What are the prime factors of 1431106?
2, 23, 53, 587
What are the prime factors of 192462?
2, 3, 32077
What are the prime factors of 1835405?
5, 11, 13, 17, 151
What are the prime factors of 29915978?
2, 41, 364829
List the prime factors of 26330013.
3, 347, 8431
List the prime factors of 648887.
648887
List the prime factors of 15895297.
11, 1109, 1303
List the prime factors of 406027.
406027
List the prime factors of 6312023.
6312023
List the prime factors of 6563104.
2, 205097
List the prime factors of 1051649.
1051649
What are the prime factors of 7667179?
13, 589783
List the prime factors of 3519590.
2, 5, 351959
List the prime factors of 2946555.
3, 5, 65479
What are the prime factors of 3208796?
2, 19, 42221
List the prime factors of 2063797.
2063797
What are the prime factors of 392777?
7, 11, 5101
List the prime factors of 13559359.
11, 47, 26227
What are the prime factors of 1552538?
2, 13, 211, 283
What are the prime factors of 1060249?
1060249
What are the prime factors of 5959827?
3, 662203
List the prime factors of 2842932.
2, 3, 19, 37, 337
What are the prime factors of 35224?
2, 7, 17, 37
What are the prime factors of 487049?
487049
List the prime factors of 8127522.
2, 3, 13, 47, 739
List the prime factors of 9699815.
5, 239, 8117
What are the prime factors of 590458?
2, 11, 26839
What are the prime factors of 445359?
3, 53, 2801
What are the prime factors of 510576?
2, 3, 11, 967
What are the prime factors of 9950?
2, 5, 199
What are the prime factors of 217239?
3, 11, 29, 227
List the prime factors of 23236352.
2, 139, 653
List the prime factors of 685360.
2, 5, 13, 659
List the prime factors of 20669246.
2, 13, 17, 101, 463
List the prime factors of 627684.
2, 3, 19, 2753
What are the prime factors of 913769?
379, 2411
List the prime factors of 4414960.
2, 5, 11, 29, 173
What are the prime factors of 2123?
11, 193
What are the prime factors of 602112?
2, 3, 7
List the prime factors of 448168.
2, 7, 53, 151
What are the prime factors of 522004?
2, 7, 103, 181
List the prime factors of 55416.
2, 3, 2309
What are the prime factors of 284451?
3, 53, 1789
What are the prime factors of 389264?
2, 24329
What are the prime factors of 5490207?
3, 203341
What are the prime factors of 327230?
2, 5, 43, 761
List the prime factors of 19829223.
3, 1031, 2137
List the prime factors of 17848699.
11, 1622609
List the prime factors of 310535.
5, 173, 359
List the prime factors of 4547026.
2, 11, 29, 7127
List the prime factors of 1592970.
2, 3, 5, 29, 1831
List the prime factors of 979133.
23, 42571
What are the prime factors of 2944158?
2, 3, 7, 70099
List the prime factors of 369200.
2, 5, 13, 71
What are the prime factors of 560393?
560393
What are the prime factors of 398134?
2, 11, 18097
List the prime factors of 364736.
2, 41, 139
What are the prime factors of 2301734?
2, 1150867
What are the prime factors of 2630636?
2, 657659
What are the prime factors of 438013?
179, 2447
List the prime factors of 1218869.
19, 64151
List the prime factors of 524597.
227, 2311
List the prime factors of 56372.
2, 17, 829
List the prime factors of 7771342.
2, 19, 204509
List the prime factors of 17190641.
13, 1322357
List the prime factors of 3384096.
2, 3, 35251
List the prime factors of 1160575.
5, 13, 3571
What are the prime factors of 8829769?
13, 23, 29531
List the prime factors of 218356.
2, 79, 691
List the prime factors of 5314408.
2, 11, 131, 461
List the prime factors of 271091.
173, 1567
What are the prime factors of 1551959?
1551959
What are the prime factors of 789101?
789101
What are the prime factors of 987189?
3, 7, 29, 1621
List the prime factors of 577291.
11, 13, 367
What are the prime factors of 562931?
562931
What are the prime factors of 435815?
5, 101, 863
What are the prime factors of 19939496?
2, 691, 3607
List the prime factors of 8556682.
2, 29, 31, 4759
List the prime factors of 1500540.
2, 3, 5, 89, 281
What are the prime factors of 5854822?
2, 823, 3557
List the prime factors of 8990160.
2, 3, 5, 47, 797
List the prime factors of 371211.
3, 123737
List the prime factors of 1216581.
3, 405527
List the prime factors of 11145915.
3, 5, 11, 23, 89
What are the prime factors of 174176?
2, 5443
List the prime factors of 246901.
37, 6673
List the prime factors of 228472.
2, 28559
What are the prime factors of 71117?
19, 197
List the prime factors of 1268392.
2, 331, 479
What are the prime factors of 610889?
257, 2377
List the prime factors of 191993.
37, 5189
List the prime factors of 26154039.
3, 8718013
What are the prime factors of 2054759?
7, 109, 2693
What are the prime factors of 5112473?
5112473
List the prime factors of 388586.
2, 11, 17, 1039
What are the prime factors of 3393496?
2, 424187
List the prime factors of 202069.
7, 28867
List the prime factors of 5623848.
2, 3, 19, 4111
List the prime factors of 558048.
2, 3, 5813
What are the prime factors of 52676?
2, 13, 1013
What are the prime factors of 872259?
3, 479, 607
What are the prime factors of 529679?
41, 12919
List the prime factors of 291078.
2, 3, 103, 157
What are the prime factors of 569656?
2, 31, 2297
List the prime factors of 3706221.
3, 17, 72671
What are the prime factors of 9295432?
2, 1161929
List the prime factors of 2061787.
7, 13, 139, 163
List the prime factors of 3437896.
2, 7, 11, 5581
What are the prime factors of 1465936?
2, 91621
List the prime factors of 23591016.
2, 3, 547, 599
What are the prime factors of 12547764?
2, 3, 223, 521
List the prime factors of 329337.
3, 23, 37, 43
List the prime factors of 338356.
2, 84589
What are the prime factors of 10312837?
181, 227, 251
What are the prime factors of 5360691?
3, 7, 397, 643
List the prime factors of 1362018.
2, 3, 7, 32429
What are the prime factors of 506743?
506743
What are the prime factors of 556409?
7, 101, 787
What are the prime factors of 1405557?
3, 59, 2647
What are the prime factors of 887727?
3, 295909
List the prime factors of 980107.
980107
What are the prime factors of 225415?
5, 45083
List the prime factors of 191211.
3, 63737
List the prime factors of 132789.
3, 44263
List the prime factors of 690718.
2, 7, 103, 479
List the prime factors of 633875.
5, 11, 461
What are the prime factors of 1571378?
2, 17, 113, 409
What are the prime factors of 245683?
245683
What are the prime factors of 298222?
2, 149111
List the prime factors of 6683421.
3, 19, 37, 3169
What are the prime factors of 15188278?
2, 7, 37, 109, 269
List the prime factors of 616757.
616757
List the prime factors of 327215.
5, 7, 9349
List the prime factors of 20546938.
2, 10273469
List the prime factors of 5780548.
2, 1445137
List the prime factors of 1997349.
3, 665783
List the prime fa